{"id":68,"date":"2017-09-29T16:19:44","date_gmt":"2017-09-29T14:19:44","guid":{"rendered":"http:\/\/asco-onera.com\/?page_id=68"},"modified":"2017-10-05T09:56:39","modified_gmt":"2017-10-05T07:56:39","slug":"quest-ce-que-lasco","status":"publish","type":"page","link":"https:\/\/asco-onera.com\/index.php\/quest-ce-que-lasco\/","title":{"rendered":"Qu&rsquo;est ce que l&rsquo;ASCO ?"},"content":{"rendered":"<p>L&rsquo;Association Sportive et Culturelle de l&rsquo;ONERA a \u00e9t\u00e9 cr\u00e9\u00e9e en 1964.<\/p>\n<p>Son but est d&rsquo;organiser et de faciliter la pratique d&rsquo;activit\u00e9s sportives et culturelles par ses membres pour leur permettre de nouer et d&rsquo;entretenir des liens de camaraderie.<\/p>\n<p>Elle regroupe un peu plus de 800 membres qui pratiquent des activit\u00e9s dans plus de trente-cinq sections : randonn\u00e9e, golf, volley, badminton, jardinage&#8230;<\/p>\n<p>Pour plus de renseignements concernant l&rsquo;ASCO, rendez vous \u00e0 la page \u00ab\u00a0<a href=\"https:\/\/asco-onera.com\/index.php\/contact\/\">Contacts<\/a>\u00ab\u00a0.<\/p>\n","protected":false},"excerpt":{"rendered":"<p>L&rsquo;Association Sportive et Culturelle de l&rsquo;ONERA a \u00e9t\u00e9 cr\u00e9\u00e9e en 1964. Son but est d&rsquo;organiser et de faciliter la pratique d&rsquo;activit\u00e9s sportives et culturelles par &hellip; <\/p>\n","protected":false},"author":1,"featured_media":0,"parent":0,"menu_order":0,"comment_status":"closed","ping_status":"closed","template":"","meta":{"footnotes":"","_mc_calendar":[]},"_links":{"self":[{"href":"https:\/\/asco-onera.com\/index.php\/wp-json\/wp\/v2\/pages\/68"}],"collection":[{"href":"https:\/\/asco-onera.com\/index.php\/wp-json\/wp\/v2\/pages"}],"about":[{"href":"https:\/\/asco-onera.com\/index.php\/wp-json\/wp\/v2\/types\/page"}],"author":[{"embeddable":true,"href":"https:\/\/asco-onera.com\/index.php\/wp-json\/wp\/v2\/users\/1"}],"replies":[{"embeddable":true,"href":"https:\/\/asco-onera.com\/index.php\/wp-json\/wp\/v2\/comments?post=68"}],"version-history":[{"count":2,"href":"https:\/\/asco-onera.com\/index.php\/wp-json\/wp\/v2\/pages\/68\/revisions"}],"predecessor-version":[{"id":302,"href":"https:\/\/asco-onera.com\/index.php\/wp-json\/wp\/v2\/pages\/68\/revisions\/302"}],"wp:attachment":[{"href":"https:\/\/asco-onera.com\/index.php\/wp-json\/wp\/v2\/media?parent=68"}],"curies":[{"name":"wp","href":"https:\/\/api.w.org\/{rel}","templated":true}]}}